{"id":710,"date":"2022-02-03T12:41:17","date_gmt":"2022-02-03T12:41:17","guid":{"rendered":"https:\/\/mitsingding.koeln\/?page_id=710"},"modified":"2022-10-16T09:06:38","modified_gmt":"2022-10-16T09:06:38","slug":"urheberrecht-und-gema","status":"publish","type":"page","link":"https:\/\/mitsingding.koeln\/?page_id=710","title":{"rendered":"Urheberrecht &#038; GEMA"},"content":{"rendered":"\t\t<div data-elementor-type=\"wp-page\" data-elementor-id=\"710\" class=\"elementor elementor-710\" data-elementor-post-type=\"page\">\n\t\t\t\t\t\t<section class=\"elementor-section elementor-top-section elementor-element elementor-element-b6d9a01 elementor-section-boxed elementor-section-height-default elementor-section-height-default\" data-id=\"b6d9a01\" data-element_type=\"section\" data-e-type=\"section\">\n\t\t\t\t\t\t<div class=\"elementor-container elementor-column-gap-default\">\n\t\t\t\t\t<div class=\"elementor-column elementor-col-100 elementor-top-column elementor-element elementor-element-1bcdcfd\" data-id=\"1bcdcfd\" data-element_type=\"column\" data-e-type=\"column\">\n\t\t\t<div class=\"elementor-widget-wrap elementor-element-populated\">\n\t\t\t\t\t\t<div class=\"elementor-element elementor-element-53ce71f elementor-widget elementor-widget-text-editor\" data-id=\"53ce71f\" data-element_type=\"widget\" data-e-type=\"widget\" data-widget_type=\"text-editor.default\">\n\t\t\t\t<div class=\"elementor-widget-container\">\n\t\t\t\t\t\t\t\t\t<h3>Markenrechte<\/h3><p>\u201eMit Sing Ding\u201c ist eine eingetragene Wort und Bildmarke<br \/>beim Marken- und Patentamt der Bundesrepublik Deutschland<br \/>Marken Nr. 30 2021 207 349<br \/>AZ 30 2021 207 349.9<\/p><p><strong>Vertreten und lizensiert durch:<\/strong><br \/>Prof. Dr. Dietmar Barzen (Markeninhaber)<br \/>Obere Dorfstr. 41b<br \/>D-50829 K\u00f6ln<br \/>Mail: mitsingding@t-online.de<br \/>Tel.: +49 (0)221 \u2013 947 2000<br \/>Tel.: +49 (0)221 \u2013 950 2277<\/p><h3>Foto- und Urheberrechtsnachweise<\/h3><p>Alle auf dieser Webseite verwendeten Texte, Fotos, Videos, Musik und grafischen Gestaltungen sind urheberrechtlich gesch\u00fctzt. Wenn Sie Teile hiervon verwenden m\u00f6chten, wenden Sie sich bitte an uns. Wir werden dann die Nutzungsm\u00f6glichkeiten pr\u00fcfen oder den Kontakt zum Urheber oder Nutzungsberechtigten bzw. Lizenzpartner herstellen.<\/p><h3>Bildautoren dieser Webseite<\/h3><p>Die Bildautoren dieser Webseite finden Sie unter der jeweiligen Seite oder in den nachfolgenden Newsautoren-Auflistungen (siehe jeweilige Webseiten-URL). Sind NEWS(BLOG)-Seiten vorhanden, finden Sie im Bereich News die Autoren unter der jeweiligen NEWS, wenn Sie auf eine einzelne News klicken (meist Klick &#8220;mehr Lesen&#8221;).<\/p><h3>Bilder- , Videos und Musik<\/h3><p>In unserer Webseite verwenden wir nur eigene Bilder und eigene Videos.<\/p><p>Eigene produzierte Musik in Videos, lizensierte \u00fcber BME Records Germany.<\/p><p>Alle Musik und Video-Titel wurden eigenh\u00e4ndig nachproduziert und nachgesungen.<\/p><p>Eine Bearbeitung von Text\/Musik fand nicht statt. Es handelt sich um legale Coversongs.<\/p><h3><strong>GEMA-Lizenz f\u00fcr Urheber<\/strong><\/h3><p>Eine GEMA-Lizenz f\u00fcr die Verg\u00fctung der Urheber (Komponisten, Texter und Verlage) gem\u00e4\u00df dem GEMA-Tarif zur Lizenzierung von Onlinenutzung liegt vor.<\/p><p>Teilweise sind Mitglieder von <em>Mit Sing Ding<\/em> selbst Urheber oder Teilurheber hier gecoverter Songs.<\/p>\t\t\t\t\t\t\t\t<\/div>\n\t\t\t\t<\/div>\n\t\t\t\t\t<\/div>\n\t\t<\/div>\n\t\t\t\t\t<\/div>\n\t\t<\/section>\n\t\t\t\t<\/div>\n\t\t","protected":false},"excerpt":{"rendered":"<p>Markenrechte \u201eMit Sing Ding\u201c ist eine eingetragene Wort und Bildmarkebeim Marken- und Patentamt der Bundesrepublik DeutschlandMarken Nr. 30 2021 207 349AZ 30 2021 207 349.9 Vertreten und lizensiert durch:Prof. Dr. Dietmar Barzen (Markeninhaber)Obere Dorfstr. 41bD-50829 K\u00f6lnMail: mitsingding@t-online.deTel.: +49 (0)221 \u2013 947 2000Tel.: +49 (0)221 \u2013 950 2277 Foto- und Urheberrechtsnachweise Alle auf dieser Webseite verwendeten [&hellip;]<\/p>\n","protected":false},"author":1,"featured_media":0,"parent":0,"menu_order":0,"comment_status":"closed","ping_status":"closed","template":"","meta":{"_monsterinsights_skip_tracking":false,"_monsterinsights_sitenote_active":false,"_monsterinsights_sitenote_note":"","_monsterinsights_sitenote_category":0,"footnotes":""},"class_list":["post-710","page","type-page","status-publish","hentry"],"yoast_head":"<!-- This site is optimized with the Yoast SEO plugin v27.4 - https:\/\/yoast.com\/product\/yoast-seo-wordpress\/ -->\n<title>Urheberrecht &amp; GEMA - Mit Sing Ding<\/title>\n<meta name=\"robots\" content=\"index, follow, max-snippet:-1, max-image-preview:large, max-video-preview:-1\" \/>\n<link rel=\"canonical\" href=\"https:\/\/mitsingding.koeln\/?page_id=710\" \/>\n<meta property=\"og:locale\" content=\"de_DE\" \/>\n<meta property=\"og:type\" content=\"article\" \/>\n<meta property=\"og:title\" content=\"Urheberrecht &amp; GEMA - Mit Sing Ding\" \/>\n<meta property=\"og:description\" content=\"Markenrechte \u201eMit Sing Ding\u201c ist eine eingetragene Wort und Bildmarkebeim Marken- und Patentamt der Bundesrepublik DeutschlandMarken Nr. 30 2021 207 349AZ 30 2021 207 349.9 Vertreten und lizensiert durch:Prof. Dr. Dietmar Barzen (Markeninhaber)Obere Dorfstr. 41bD-50829 K\u00f6lnMail: mitsingding@t-online.deTel.: +49 (0)221 \u2013 947 2000Tel.: +49 (0)221 \u2013 950 2277 Foto- und Urheberrechtsnachweise Alle auf dieser Webseite verwendeten [&hellip;]\" \/>\n<meta property=\"og:url\" content=\"https:\/\/mitsingding.koeln\/?page_id=710\" \/>\n<meta property=\"og:site_name\" content=\"Mit Sing Ding\" \/>\n<meta property=\"article:modified_time\" content=\"2022-10-16T09:06:38+00:00\" \/>\n<meta name=\"twitter:card\" content=\"summary_large_image\" \/>\n<meta name=\"twitter:label1\" content=\"Gesch\u00e4tzte Lesezeit\" \/>\n\t<meta name=\"twitter:data1\" content=\"2\u00a0Minuten\" \/>\n<script type=\"application\/ld+json\" class=\"yoast-schema-graph\">{\"@context\":\"https:\\\/\\\/schema.org\",\"@graph\":[{\"@type\":\"WebPage\",\"@id\":\"https:\\\/\\\/mitsingding.koeln\\\/?page_id=710\",\"url\":\"https:\\\/\\\/mitsingding.koeln\\\/?page_id=710\",\"name\":\"Urheberrecht & GEMA - Mit Sing Ding\",\"isPartOf\":{\"@id\":\"https:\\\/\\\/mitsingding.koeln\\\/#website\"},\"datePublished\":\"2022-02-03T12:41:17+00:00\",\"dateModified\":\"2022-10-16T09:06:38+00:00\",\"breadcrumb\":{\"@id\":\"https:\\\/\\\/mitsingding.koeln\\\/?page_id=710#breadcrumb\"},\"inLanguage\":\"de\",\"potentialAction\":[{\"@type\":\"ReadAction\",\"target\":[\"https:\\\/\\\/mitsingding.koeln\\\/?page_id=710\"]}]},{\"@type\":\"BreadcrumbList\",\"@id\":\"https:\\\/\\\/mitsingding.koeln\\\/?page_id=710#breadcrumb\",\"itemListElement\":[{\"@type\":\"ListItem\",\"position\":1,\"name\":\"Startseite\",\"item\":\"https:\\\/\\\/mitsingding.koeln\\\/\"},{\"@type\":\"ListItem\",\"position\":2,\"name\":\"Urheberrecht &#038; GEMA\"}]},{\"@type\":\"WebSite\",\"@id\":\"https:\\\/\\\/mitsingding.koeln\\\/#website\",\"url\":\"https:\\\/\\\/mitsingding.koeln\\\/\",\"name\":\"Mit Sing Ding\",\"description\":\"K\u00f6lsche Partyband, K\u00f6lsche Band, Musik, Live Musik, Hochzeitband, Karnevalsband, Live Band, Karneval, Sommerfest, Oktoberfest, Sitzung, Karnevalsparty, Eventband, Stadtfest Band, Firmenevent, Geburtstagsparty Band, Musikgruppe, Musikband, K\u00f6ln, H\u00f6hner, Bl\u00e4ck F\u00f6\u00f6ss, Brings, R\u00e4uber, Querbeat, Milj\u00f6, Kassala, Boore, Cat Ballou, Paveier, Kl\u00fcngelk\u00f6pp, Kuhl un de Gang, Wicky Junggeburth, Willy Millowitsch, Hans Knipp\",\"publisher\":{\"@id\":\"https:\\\/\\\/mitsingding.koeln\\\/#organization\"},\"potentialAction\":[{\"@type\":\"SearchAction\",\"target\":{\"@type\":\"EntryPoint\",\"urlTemplate\":\"https:\\\/\\\/mitsingding.koeln\\\/?s={search_term_string}\"},\"query-input\":{\"@type\":\"PropertyValueSpecification\",\"valueRequired\":true,\"valueName\":\"search_term_string\"}}],\"inLanguage\":\"de\"},{\"@type\":\"Organization\",\"@id\":\"https:\\\/\\\/mitsingding.koeln\\\/#organization\",\"name\":\"Mit Sing Ding\",\"url\":\"https:\\\/\\\/mitsingding.koeln\\\/\",\"logo\":{\"@type\":\"ImageObject\",\"inLanguage\":\"de\",\"@id\":\"https:\\\/\\\/mitsingding.koeln\\\/#\\\/schema\\\/logo\\\/image\\\/\",\"url\":\"https:\\\/\\\/i0.wp.com\\\/mitsingding.koeln\\\/wp-content\\\/uploads\\\/2022\\\/01\\\/SmallSquareLogoJpg.jpg?fit=200%2C200&ssl=1\",\"contentUrl\":\"https:\\\/\\\/i0.wp.com\\\/mitsingding.koeln\\\/wp-content\\\/uploads\\\/2022\\\/01\\\/SmallSquareLogoJpg.jpg?fit=200%2C200&ssl=1\",\"width\":200,\"height\":200,\"caption\":\"Mit Sing Ding\"},\"image\":{\"@id\":\"https:\\\/\\\/mitsingding.koeln\\\/#\\\/schema\\\/logo\\\/image\\\/\"},\"sameAs\":[\"https:\\\/\\\/www.youtube.com\\\/channel\\\/UCSnPg3GAzo3YnnLnVsaLHmA\\\/featured\"]}]}<\/script>\n<!-- \/ Yoast SEO plugin. -->","yoast_head_json":{"title":"Urheberrecht & GEMA - Mit Sing Ding","robots":{"index":"index","follow":"follow","max-snippet":"max-snippet:-1","max-image-preview":"max-image-preview:large","max-video-preview":"max-video-preview:-1"},"canonical":"https:\/\/mitsingding.koeln\/?page_id=710","og_locale":"de_DE","og_type":"article","og_title":"Urheberrecht & GEMA - Mit Sing Ding","og_description":"Markenrechte \u201eMit Sing Ding\u201c ist eine eingetragene Wort und Bildmarkebeim Marken- und Patentamt der Bundesrepublik DeutschlandMarken Nr. 30 2021 207 349AZ 30 2021 207 349.9 Vertreten und lizensiert durch:Prof. Dr. Dietmar Barzen (Markeninhaber)Obere Dorfstr. 41bD-50829 K\u00f6lnMail: mitsingding@t-online.deTel.: +49 (0)221 \u2013 947 2000Tel.: +49 (0)221 \u2013 950 2277 Foto- und Urheberrechtsnachweise Alle auf dieser Webseite verwendeten [&hellip;]","og_url":"https:\/\/mitsingding.koeln\/?page_id=710","og_site_name":"Mit Sing Ding","article_modified_time":"2022-10-16T09:06:38+00:00","twitter_card":"summary_large_image","twitter_misc":{"Gesch\u00e4tzte Lesezeit":"2\u00a0Minuten"},"schema":{"@context":"https:\/\/schema.org","@graph":[{"@type":"WebPage","@id":"https:\/\/mitsingding.koeln\/?page_id=710","url":"https:\/\/mitsingding.koeln\/?page_id=710","name":"Urheberrecht & GEMA - Mit Sing Ding","isPartOf":{"@id":"https:\/\/mitsingding.koeln\/#website"},"datePublished":"2022-02-03T12:41:17+00:00","dateModified":"2022-10-16T09:06:38+00:00","breadcrumb":{"@id":"https:\/\/mitsingding.koeln\/?page_id=710#breadcrumb"},"inLanguage":"de","potentialAction":[{"@type":"ReadAction","target":["https:\/\/mitsingding.koeln\/?page_id=710"]}]},{"@type":"BreadcrumbList","@id":"https:\/\/mitsingding.koeln\/?page_id=710#breadcrumb","itemListElement":[{"@type":"ListItem","position":1,"name":"Startseite","item":"https:\/\/mitsingding.koeln\/"},{"@type":"ListItem","position":2,"name":"Urheberrecht &#038; GEMA"}]},{"@type":"WebSite","@id":"https:\/\/mitsingding.koeln\/#website","url":"https:\/\/mitsingding.koeln\/","name":"Mit Sing Ding","description":"K\u00f6lsche Partyband, K\u00f6lsche Band, Musik, Live Musik, Hochzeitband, Karnevalsband, Live Band, Karneval, Sommerfest, Oktoberfest, Sitzung, Karnevalsparty, Eventband, Stadtfest Band, Firmenevent, Geburtstagsparty Band, Musikgruppe, Musikband, K\u00f6ln, H\u00f6hner, Bl\u00e4ck F\u00f6\u00f6ss, Brings, R\u00e4uber, Querbeat, Milj\u00f6, Kassala, Boore, Cat Ballou, Paveier, Kl\u00fcngelk\u00f6pp, Kuhl un de Gang, Wicky Junggeburth, Willy Millowitsch, Hans Knipp","publisher":{"@id":"https:\/\/mitsingding.koeln\/#organization"},"potentialAction":[{"@type":"SearchAction","target":{"@type":"EntryPoint","urlTemplate":"https:\/\/mitsingding.koeln\/?s={search_term_string}"},"query-input":{"@type":"PropertyValueSpecification","valueRequired":true,"valueName":"search_term_string"}}],"inLanguage":"de"},{"@type":"Organization","@id":"https:\/\/mitsingding.koeln\/#organization","name":"Mit Sing Ding","url":"https:\/\/mitsingding.koeln\/","logo":{"@type":"ImageObject","inLanguage":"de","@id":"https:\/\/mitsingding.koeln\/#\/schema\/logo\/image\/","url":"https:\/\/i0.wp.com\/mitsingding.koeln\/wp-content\/uploads\/2022\/01\/SmallSquareLogoJpg.jpg?fit=200%2C200&ssl=1","contentUrl":"https:\/\/i0.wp.com\/mitsingding.koeln\/wp-content\/uploads\/2022\/01\/SmallSquareLogoJpg.jpg?fit=200%2C200&ssl=1","width":200,"height":200,"caption":"Mit Sing Ding"},"image":{"@id":"https:\/\/mitsingding.koeln\/#\/schema\/logo\/image\/"},"sameAs":["https:\/\/www.youtube.com\/channel\/UCSnPg3GAzo3YnnLnVsaLHmA\/featured"]}]}},"jetpack_sharing_enabled":true,"_links":{"self":[{"href":"https:\/\/mitsingding.koeln\/index.php?rest_route=\/wp\/v2\/pages\/710","targetHints":{"allow":["GET"]}}],"collection":[{"href":"https:\/\/mitsingding.koeln\/index.php?rest_route=\/wp\/v2\/pages"}],"about":[{"href":"https:\/\/mitsingding.koeln\/index.php?rest_route=\/wp\/v2\/types\/page"}],"author":[{"embeddable":true,"href":"https:\/\/mitsingding.koeln\/index.php?rest_route=\/wp\/v2\/users\/1"}],"replies":[{"embeddable":true,"href":"https:\/\/mitsingding.koeln\/index.php?rest_route=%2Fwp%2Fv2%2Fcomments&post=710"}],"version-history":[{"count":35,"href":"https:\/\/mitsingding.koeln\/index.php?rest_route=\/wp\/v2\/pages\/710\/revisions"}],"predecessor-version":[{"id":4063,"href":"https:\/\/mitsingding.koeln\/index.php?rest_route=\/wp\/v2\/pages\/710\/revisions\/4063"}],"wp:attachment":[{"href":"https:\/\/mitsingding.koeln\/index.php?rest_route=%2Fwp%2Fv2%2Fmedia&parent=710"}],"curies":[{"name":"wp","href":"https:\/\/api.w.org\/{rel}","templated":true}]}}